{"id":3867,"date":"2024-09-13T11:07:14","date_gmt":"2024-09-13T11:07:14","guid":{"rendered":"https:\/\/filosofiadobemestar.com.br\/?page_id=3867"},"modified":"2024-10-13T13:52:29","modified_gmt":"2024-10-13T13:52:29","slug":"os-ensinamentos-dos-abraham-um-curso-em-4-aulas","status":"publish","type":"page","link":"https:\/\/filosofiadobemestar.com.br\/?page_id=3867","title":{"rendered":"Curso de Cria\u00e7\u00e3o Consciente &#8211; Leis Universais e Manifesta\u00e7\u00e3o Deliberada"},"content":{"rendered":"<h3>Os Ensinamentos de Abraham Hicks<\/h3>\n<p><img loading=\"lazy\" decoding=\"async\" class=\"size-medium wp-image-3925 aligncenter\" src=\"https:\/\/filosofiadobemestar.com.br\/wp-content\/uploads\/2024\/09\/d3e6e8-4-300x300.png\" alt=\"\" width=\"300\" height=\"300\" srcset=\"https:\/\/filosofiadobemestar.com.br\/wp-content\/uploads\/2024\/09\/d3e6e8-4-300x300.png 300w, https:\/\/filosofiadobemestar.com.br\/wp-content\/uploads\/2024\/09\/d3e6e8-4-1024x1024.png 1024w, https:\/\/filosofiadobemestar.com.br\/wp-content\/uploads\/2024\/09\/d3e6e8-4-150x150.png 150w, https:\/\/filosofiadobemestar.com.br\/wp-content\/uploads\/2024\/09\/d3e6e8-4-768x768.png 768w, https:\/\/filosofiadobemestar.com.br\/wp-content\/uploads\/2024\/09\/d3e6e8-4.png 1080w\" sizes=\"(max-width: 300px) 100vw, 300px\" \/><\/p>\n<p>Essa \u00e9 a sua chance de criar uma realidade mais divertida para voc\u00ea!!<\/p>\n<p style=\"text-align: center;\"><a class=\"maxbutton-1 maxbutton maxbutton-compre-agora\" target=\"_blank\" rel=\"noopener\" href=\"https:\/\/hotmart.com\/pt-br\/marketplace\/produtos\/os-ensinamentos-dos-abraham-em-4-aulas-1a-edicao\/X91435356I\"><span class='mb-text'>CLIQUE AQUI PARA COMPRAR<\/span><\/a><\/p>\n<p>Nosso Curso \u00e9 um mergulho profundo nos segredos da Lei da Cria\u00e7\u00e3o, guiado pelos renomados ensinamentos de Abraham Hicks. Aqui, voc\u00ea aprender\u00e1 n\u00e3o apenas os princ\u00edpios fundamentais por tr\u00e1s dessa Lei Universal, mas tamb\u00e9m como aplic\u00e1-los de maneira pr\u00e1tica e transformadora em sua pr\u00f3pria vida.<\/p>\n<p>Ao longo do Curso, voc\u00ea descobrir\u00e1 como alinhar sua energia e pensamentos com suas escolhas mais elevadas, liberando resist\u00eancias e permitindo que o Universo conspire a seu favor. Aprenda a dominar seus pensamentos e emo\u00e7\u00f5es, transformando sua vida em uma experi\u00eancia de plenitude e realiza\u00e7\u00e3o.<\/p>\n<p>As aulas foram gravadas ao vivo nos dias 01, 02, 08, e 09 de outubro\/24.<\/p>\n<p style=\"text-align: center;\"><a class=\"maxbutton-1 maxbutton maxbutton-compre-agora\" target=\"_blank\" rel=\"noopener\" href=\"https:\/\/hotmart.com\/pt-br\/marketplace\/produtos\/os-ensinamentos-dos-abraham-em-4-aulas-1a-edicao\/X91435356I\"><span class='mb-text'>CLIQUE AQUI PARA COMPRAR<\/span><\/a><\/p>\n<p>Adri Bomtempi compartilha suas t\u00e9cnicas e insights pr\u00e1ticos, baseados n\u00e3o apenas em teoria, mas em anos de experi\u00eancia contribuindo para as pessoas transformarem suas realidades. Isso significa que voc\u00ea n\u00e3o apenas vai aprender a Lei da Cria\u00e7\u00e3o Deliberada, vai dominar essa poderosa ferramenta.<\/p>\n<p>N\u00e3o perca a chance de viver a vida que voc\u00ea pode escolher!<\/p>\n<p>O Universo est\u00e1 esperando o seu comando. Voc\u00ea est\u00e1 pronto?<\/p>\n<p>Curso de Cria\u00e7\u00e3o Consciente &#8211; Leis Universais e Manifesta\u00e7\u00e3o Deliberada<\/p>\n<p>(4 Aulas)<\/p>\n<p>Cada aula \u00e9 dividida em duas partes, te\u00f3rica com dura\u00e7\u00e3o de 1h30 (em m\u00e9dia), e a pr\u00e1tica com Perguntas\/Respostas e intera\u00e7\u00e3o dos Alunos. O acesso ao Curso \u00e9 vital\u00edcio.<\/p>\n<p>E o melhor: o grupo no Telegram permanece ativo e voc\u00ea pode interagir e fazer suas perguntas diretamente para a Adri.<\/p>\n<p>Adri Bomtempi \u00e9 psicanalista e facilitadora de conte\u00fados relacionados \u00e0 espiritualidade, desenvolvimento pessoal e bem-estar.<\/p>\n<p style=\"text-align: center;\"><a class=\"maxbutton-1 maxbutton maxbutton-compre-agora\" target=\"_blank\" rel=\"noopener\" href=\"https:\/\/hotmart.com\/pt-br\/marketplace\/produtos\/os-ensinamentos-dos-abraham-em-4-aulas-1a-edicao\/X91435356I\"><span class='mb-text'>CLIQUE AQUI PARA COMPRAR<\/span><\/a><\/p>\n","protected":false},"excerpt":{"rendered":"<p>Os Ensinamentos de Abraham Hicks Essa \u00e9 a sua chance de criar uma realidade mais divertida para voc\u00ea!! Nosso Curso \u00e9 um mergulho profundo nos segredos da Lei da Cria\u00e7\u00e3o, guiado pelos renomados ensinamentos de Abraham Hicks. Aqui, voc\u00ea aprender\u00e1 n\u00e3o apenas os princ\u00edpios fundamentais por tr\u00e1s dessa Lei Universal, mas tamb\u00e9m como aplic\u00e1-los de &hellip; <a href=\"https:\/\/filosofiadobemestar.com.br\/?page_id=3867\" class=\"more-link\">Continue reading <span class=\"screen-reader-text\">Curso de Cria\u00e7\u00e3o Consciente &#8211; Leis Universais e Manifesta\u00e7\u00e3o Deliberada<\/span><\/a><\/p>\n","protected":false},"author":1,"featured_media":0,"parent":0,"menu_order":0,"comment_status":"closed","ping_status":"closed","template":"","meta":{"_monsterinsights_skip_tracking":false,"_monsterinsights_sitenote_active":false,"_monsterinsights_sitenote_note":"","_monsterinsights_sitenote_category":0,"footnotes":""},"yoast_head":"<!-- This site is optimized with the Yoast SEO plugin v22.3 - https:\/\/yoast.com\/wordpress\/plugins\/seo\/ -->\n<title>Curso de Cria\u00e7\u00e3o Consciente - Leis Universais e Manifesta\u00e7\u00e3o Deliberada - Adri Bomtempi<\/title>\n<meta name=\"robots\" content=\"index, follow, max-snippet:-1, max-image-preview:large, max-video-preview:-1\" \/>\n<link rel=\"canonical\" href=\"https:\/\/filosofiadobemestar.com.br\/?page_id=3867\" \/>\n<meta property=\"og:locale\" content=\"en_US\" \/>\n<meta property=\"og:type\" content=\"article\" \/>\n<meta property=\"og:title\" content=\"Curso de Cria\u00e7\u00e3o Consciente - Leis Universais e Manifesta\u00e7\u00e3o Deliberada - Adri Bomtempi\" \/>\n<meta property=\"og:description\" content=\"Os Ensinamentos de Abraham Hicks Essa \u00e9 a sua chance de criar uma realidade mais divertida para voc\u00ea!! Nosso Curso \u00e9 um mergulho profundo nos segredos da Lei da Cria\u00e7\u00e3o, guiado pelos renomados ensinamentos de Abraham Hicks. Aqui, voc\u00ea aprender\u00e1 n\u00e3o apenas os princ\u00edpios fundamentais por tr\u00e1s dessa Lei Universal, mas tamb\u00e9m como aplic\u00e1-los de &hellip; Continue reading Curso de Cria\u00e7\u00e3o Consciente &#8211; Leis Universais e Manifesta\u00e7\u00e3o Deliberada\" \/>\n<meta property=\"og:url\" content=\"https:\/\/filosofiadobemestar.com.br\/?page_id=3867\" \/>\n<meta property=\"og:site_name\" content=\"Adri Bomtempi\" \/>\n<meta property=\"article:modified_time\" content=\"2024-10-13T13:52:29+00:00\" \/>\n<meta property=\"og:image\" content=\"https:\/\/filosofiadobemestar.com.br\/wp-content\/uploads\/2024\/09\/d3e6e8-4-300x300.png\" \/>\n<meta name=\"twitter:card\" content=\"summary_large_image\" \/>\n<meta name=\"twitter:label1\" content=\"Est. reading time\" \/>\n\t<meta name=\"twitter:data1\" content=\"2 minutes\" \/>\n<script type=\"application\/ld+json\" class=\"yoast-schema-graph\">{\"@context\":\"https:\/\/schema.org\",\"@graph\":[{\"@type\":\"WebPage\",\"@id\":\"https:\/\/filosofiadobemestar.com.br\/?page_id=3867\",\"url\":\"https:\/\/filosofiadobemestar.com.br\/?page_id=3867\",\"name\":\"Curso de Cria\u00e7\u00e3o Consciente - Leis Universais e Manifesta\u00e7\u00e3o Deliberada - Adri Bomtempi\",\"isPartOf\":{\"@id\":\"https:\/\/filosofiadobemestar.com.br\/#website\"},\"primaryImageOfPage\":{\"@id\":\"https:\/\/filosofiadobemestar.com.br\/?page_id=3867#primaryimage\"},\"image\":{\"@id\":\"https:\/\/filosofiadobemestar.com.br\/?page_id=3867#primaryimage\"},\"thumbnailUrl\":\"https:\/\/filosofiadobemestar.com.br\/wp-content\/uploads\/2024\/09\/d3e6e8-4-300x300.png\",\"datePublished\":\"2024-09-13T11:07:14+00:00\",\"dateModified\":\"2024-10-13T13:52:29+00:00\",\"breadcrumb\":{\"@id\":\"https:\/\/filosofiadobemestar.com.br\/?page_id=3867#breadcrumb\"},\"inLanguage\":\"en-US\",\"potentialAction\":[{\"@type\":\"ReadAction\",\"target\":[\"https:\/\/filosofiadobemestar.com.br\/?page_id=3867\"]}]},{\"@type\":\"ImageObject\",\"inLanguage\":\"en-US\",\"@id\":\"https:\/\/filosofiadobemestar.com.br\/?page_id=3867#primaryimage\",\"url\":\"https:\/\/filosofiadobemestar.com.br\/wp-content\/uploads\/2024\/09\/d3e6e8-4.png\",\"contentUrl\":\"https:\/\/filosofiadobemestar.com.br\/wp-content\/uploads\/2024\/09\/d3e6e8-4.png\",\"width\":1080,\"height\":1080},{\"@type\":\"BreadcrumbList\",\"@id\":\"https:\/\/filosofiadobemestar.com.br\/?page_id=3867#breadcrumb\",\"itemListElement\":[{\"@type\":\"ListItem\",\"position\":1,\"name\":\"Home\",\"item\":\"https:\/\/filosofiadobemestar.com.br\/\"},{\"@type\":\"ListItem\",\"position\":2,\"name\":\"Curso de Cria\u00e7\u00e3o Consciente &#8211; Leis Universais e Manifesta\u00e7\u00e3o Deliberada\"}]},{\"@type\":\"WebSite\",\"@id\":\"https:\/\/filosofiadobemestar.com.br\/#website\",\"url\":\"https:\/\/filosofiadobemestar.com.br\/\",\"name\":\"Adri Bomtempi\",\"description\":\"Psicanalista Integrativa\",\"publisher\":{\"@id\":\"https:\/\/filosofiadobemestar.com.br\/#organization\"},\"potentialAction\":[{\"@type\":\"SearchAction\",\"target\":{\"@type\":\"EntryPoint\",\"urlTemplate\":\"https:\/\/filosofiadobemestar.com.br\/?s={search_term_string}\"},\"query-input\":\"required name=search_term_string\"}],\"inLanguage\":\"en-US\"},{\"@type\":\"Organization\",\"@id\":\"https:\/\/filosofiadobemestar.com.br\/#organization\",\"name\":\"Adri Bomtempi\",\"url\":\"https:\/\/filosofiadobemestar.com.br\/\",\"logo\":{\"@type\":\"ImageObject\",\"inLanguage\":\"en-US\",\"@id\":\"https:\/\/filosofiadobemestar.com.br\/#\/schema\/logo\/image\/\",\"url\":\"https:\/\/filosofiadobemestar.com.br\/wp-content\/uploads\/2024\/05\/Awesome2-1.png\",\"contentUrl\":\"https:\/\/filosofiadobemestar.com.br\/wp-content\/uploads\/2024\/05\/Awesome2-1.png\",\"width\":248,\"height\":248,\"caption\":\"Adri Bomtempi\"},\"image\":{\"@id\":\"https:\/\/filosofiadobemestar.com.br\/#\/schema\/logo\/image\/\"}}]}<\/script>\n<!-- \/ Yoast SEO plugin. -->","yoast_head_json":{"title":"Curso de Cria\u00e7\u00e3o Consciente - Leis Universais e Manifesta\u00e7\u00e3o Deliberada - Adri Bomtempi","robots":{"index":"index","follow":"follow","max-snippet":"max-snippet:-1","max-image-preview":"max-image-preview:large","max-video-preview":"max-video-preview:-1"},"canonical":"https:\/\/filosofiadobemestar.com.br\/?page_id=3867","og_locale":"en_US","og_type":"article","og_title":"Curso de Cria\u00e7\u00e3o Consciente - Leis Universais e Manifesta\u00e7\u00e3o Deliberada - Adri Bomtempi","og_description":"Os Ensinamentos de Abraham Hicks Essa \u00e9 a sua chance de criar uma realidade mais divertida para voc\u00ea!! Nosso Curso \u00e9 um mergulho profundo nos segredos da Lei da Cria\u00e7\u00e3o, guiado pelos renomados ensinamentos de Abraham Hicks. Aqui, voc\u00ea aprender\u00e1 n\u00e3o apenas os princ\u00edpios fundamentais por tr\u00e1s dessa Lei Universal, mas tamb\u00e9m como aplic\u00e1-los de &hellip; Continue reading Curso de Cria\u00e7\u00e3o Consciente &#8211; Leis Universais e Manifesta\u00e7\u00e3o Deliberada","og_url":"https:\/\/filosofiadobemestar.com.br\/?page_id=3867","og_site_name":"Adri Bomtempi","article_modified_time":"2024-10-13T13:52:29+00:00","og_image":[{"url":"https:\/\/filosofiadobemestar.com.br\/wp-content\/uploads\/2024\/09\/d3e6e8-4-300x300.png"}],"twitter_card":"summary_large_image","twitter_misc":{"Est. reading time":"2 minutes"},"schema":{"@context":"https:\/\/schema.org","@graph":[{"@type":"WebPage","@id":"https:\/\/filosofiadobemestar.com.br\/?page_id=3867","url":"https:\/\/filosofiadobemestar.com.br\/?page_id=3867","name":"Curso de Cria\u00e7\u00e3o Consciente - Leis Universais e Manifesta\u00e7\u00e3o Deliberada - Adri Bomtempi","isPartOf":{"@id":"https:\/\/filosofiadobemestar.com.br\/#website"},"primaryImageOfPage":{"@id":"https:\/\/filosofiadobemestar.com.br\/?page_id=3867#primaryimage"},"image":{"@id":"https:\/\/filosofiadobemestar.com.br\/?page_id=3867#primaryimage"},"thumbnailUrl":"https:\/\/filosofiadobemestar.com.br\/wp-content\/uploads\/2024\/09\/d3e6e8-4-300x300.png","datePublished":"2024-09-13T11:07:14+00:00","dateModified":"2024-10-13T13:52:29+00:00","breadcrumb":{"@id":"https:\/\/filosofiadobemestar.com.br\/?page_id=3867#breadcrumb"},"inLanguage":"en-US","potentialAction":[{"@type":"ReadAction","target":["https:\/\/filosofiadobemestar.com.br\/?page_id=3867"]}]},{"@type":"ImageObject","inLanguage":"en-US","@id":"https:\/\/filosofiadobemestar.com.br\/?page_id=3867#primaryimage","url":"https:\/\/filosofiadobemestar.com.br\/wp-content\/uploads\/2024\/09\/d3e6e8-4.png","contentUrl":"https:\/\/filosofiadobemestar.com.br\/wp-content\/uploads\/2024\/09\/d3e6e8-4.png","width":1080,"height":1080},{"@type":"BreadcrumbList","@id":"https:\/\/filosofiadobemestar.com.br\/?page_id=3867#breadcrumb","itemListElement":[{"@type":"ListItem","position":1,"name":"Home","item":"https:\/\/filosofiadobemestar.com.br\/"},{"@type":"ListItem","position":2,"name":"Curso de Cria\u00e7\u00e3o Consciente &#8211; Leis Universais e Manifesta\u00e7\u00e3o Deliberada"}]},{"@type":"WebSite","@id":"https:\/\/filosofiadobemestar.com.br\/#website","url":"https:\/\/filosofiadobemestar.com.br\/","name":"Adri Bomtempi","description":"Psicanalista Integrativa","publisher":{"@id":"https:\/\/filosofiadobemestar.com.br\/#organization"},"potentialAction":[{"@type":"SearchAction","target":{"@type":"EntryPoint","urlTemplate":"https:\/\/filosofiadobemestar.com.br\/?s={search_term_string}"},"query-input":"required name=search_term_string"}],"inLanguage":"en-US"},{"@type":"Organization","@id":"https:\/\/filosofiadobemestar.com.br\/#organization","name":"Adri Bomtempi","url":"https:\/\/filosofiadobemestar.com.br\/","logo":{"@type":"ImageObject","inLanguage":"en-US","@id":"https:\/\/filosofiadobemestar.com.br\/#\/schema\/logo\/image\/","url":"https:\/\/filosofiadobemestar.com.br\/wp-content\/uploads\/2024\/05\/Awesome2-1.png","contentUrl":"https:\/\/filosofiadobemestar.com.br\/wp-content\/uploads\/2024\/05\/Awesome2-1.png","width":248,"height":248,"caption":"Adri Bomtempi"},"image":{"@id":"https:\/\/filosofiadobemestar.com.br\/#\/schema\/logo\/image\/"}}]}},"post_mailing_queue_ids":[],"_links":{"self":[{"href":"https:\/\/filosofiadobemestar.com.br\/index.php?rest_route=\/wp\/v2\/pages\/3867"}],"collection":[{"href":"https:\/\/filosofiadobemestar.com.br\/index.php?rest_route=\/wp\/v2\/pages"}],"about":[{"href":"https:\/\/filosofiadobemestar.com.br\/index.php?rest_route=\/wp\/v2\/types\/page"}],"author":[{"embeddable":true,"href":"https:\/\/filosofiadobemestar.com.br\/index.php?rest_route=\/wp\/v2\/users\/1"}],"replies":[{"embeddable":true,"href":"https:\/\/filosofiadobemestar.com.br\/index.php?rest_route=%2Fwp%2Fv2%2Fcomments&post=3867"}],"version-history":[{"count":41,"href":"https:\/\/filosofiadobemestar.com.br\/index.php?rest_route=\/wp\/v2\/pages\/3867\/revisions"}],"predecessor-version":[{"id":4002,"href":"https:\/\/filosofiadobemestar.com.br\/index.php?rest_route=\/wp\/v2\/pages\/3867\/revisions\/4002"}],"wp:attachment":[{"href":"https:\/\/filosofiadobemestar.com.br\/index.php?rest_route=%2Fwp%2Fv2%2Fmedia&parent=3867"}],"curies":[{"name":"wp","href":"https:\/\/api.w.org\/{rel}","templated":true}]}}